0. What is the tens digit of y?
6
Suppose -4*u - u = 25, -2*v + 71 = 3*u. Let h(w) = w**3 + 13*w**2 - 27*w + 52. Let f be h(-15). Suppose -v = f*o - 8*o. What is the units digit of o?
3
Let o(t) = -85*t**3 + 28*t**2 - 13*t - 8. What is the hundreds digit of o(-5)?
3
Suppose 0 = -5*k - 15, c - 9398 = 29*k - 25*k. What is the units digit of c?
6
Let b(k) = -k + 12. Let l be b(8). Let r(t) = 13*t - 14. Let z be r(l). Let c = z + 1. What is the tens digit of c?
3
Let w(a) = -a + 16. Let o be w(13). Suppose -3*b + o*y + 1497 = 0, -3*b - 2*b - 3*y = -2495. What is the hundreds digit of b?
4
Let d = 1534 - -2648. What is the tens digit of d?
8
Let z = -122 + 124. Suppose -5*h = z*s - 93, -2*h + 5*s + 38 = -5. Let f(t) = t**3 - 18*t**2 - 8*t + 9. What is the tens digit of f(h)?
1
Suppose 4*j + 19870 - 67809 = -m, 2*j = 2*m + 23962. What is the hundreds digit of j?
9
Let d(p) = 5*p - 49. Let l be d(-18). Let u = -109 - l. What is the tens digit of u?
3
Suppose 3*k + h - 182 = 2, 174 = 3*k + 3*h. Suppose -3*u + 1461 = -k. What is the hundreds digit of u?
5
Let k be ((-12)/(-14))/(6/28). Suppose -k*i - i = -195. What is the units digit of i?
9
Let a = 240 + -132. Suppose -3*s + 148 = 4*z, -3*z - 2*s = s - a. Let u = -5 + z. What is the units digit of u?
5
Let h = 5318 - 386. What is the hundreds digit of h?
9
Let p = -33718 + 66438. What is the units digit of p?
0
Let z = -503 - -530. What is the tens digit of 20880/z + (-8)/(-12)?
7
Let q be (-10 + 1)/3 + 2*-142. Let c = 379 + q. What is the tens digit of c?
9
Suppose -p = -4*w + 4*p + 117, -5*p - 51 = -2*w. Let d = 36 - w. What is the tens digit of -66*(-3)/27*d?
2
Let x(d) = 175*d**3 - 4*d**2 - 15. Let v be x(5). Suppose 13*p = 8*p + v. What is the units digit of (-48)/(-264) - (p/(-22) - 1)?
9
Suppose -n + 492 = 2*j, 4*j = -15*n + 17*n + 976. What is the hundreds digit of j?
2
Let m = -315 + 309. What is the hundreds digit of 3 + (m + 712 - 1)?
7
Let o = 63983 + -36734. What is the ten thousands digit of o?
2
Let v = -302 + 698. Let k(a) = 28*a**2 - 3*a + 1. Let f be k(-3). Let y = v - f. What is the hundreds digit of y?
1
Let u = 9238 + 12530. What is the hundreds digit of u?
7
Let g(c) = 9 - 9*c + 1 - 23*c. Let y be g(-10). Suppose -5*u + 929 = 3*l, -3*u - 3*l = -231 - y. What is the tens digit of u?
8
Let i be (-126)/(-10) + (-6)/10. What is the units digit of ((-28)/i)/(-7)*(-162)/(-3)?
8
Let y(w) = -w**3 - 2*w**2 - w + 2. Suppose 5*z - 50 = -0*z. Suppose 2*i + z = -0*i. What is the units digit of y(i)?
2
Suppose 2*a = v + 2760 + 4353, -3*a = -v - 10672. What is the thousands digit of a?
3
Let p = -403 + 406. Let l(x) = 110*x**2 + 13*x - 36. What is the tens digit of l(p)?
9
Let j(t) = t**3 - 3*t**2 - 34*t - 14. Let r be j(15). Suppose r = 16*g - 14992. What is the thousands digit of g?
1
Let d(w) = -3*w**2 - 12*w - 12. Let m be d(-1). What is the hundreds digit of (m + 5/2)*-2794?
3
Let w(l) = -32*l + 132. Let x be w(4). Suppose j - 9*v + x*v = 288, -2*j + 2*v = -600. What is the tens digit of j?
0
Suppose 617*t - 516*t = 4139182. What is the units digit of t?
2
Let q be (-48)/(-12) + 1*28 - -5. Suppose 0 = -q*g + 758 + 389. What is the units digit of g?
1
Let l(p) = 1. Let y(x) = 2*x + 5. Let v(c) = 4*l(c) + y(c). Let w = 6 - 1. What is the tens digit of v(w)?
1
Let x = 19503 - -99. What is the ten thousands digit of x?
1
Let w(h) be the second derivative of -4*h**3/3 - 2*h**2 + 28*h. Let x be w(-1). What is the units digit of 22/6 - x - 344/(-6)?
7
Let q = -3965 - -2813. Let t be (3/(-2))/(27/q). Let d = t + 101. What is the hundreds digit of d?
1
Let v = -1060 + 1490. Let s = -299 + v. Let c = s + -113. What is the tens digit of c?
1
Let f(h) = 2*h**2 - 6*h + 3186. What is the ten thousands digit of f(67)?
1
Let x(a) = 9*a**2 + 154*a + 7582. What is the units digit of x(-76)?
2
Suppose 2*t = -2*t + 4, -3*a + 21 = 3*t. Let l be (214/a)/(4/(-12)) + 0. Let g = -92 - l. What is the tens digit of g?
1
Suppose 3 = -k, 5*q - 2*k - 6 = 8*q. What is the units digit of 5/(-3) - q - (-18216)/27?
3
Suppose 2*t + l = -2, 0 = -2*t + 2*l - 0 + 4. Suppose -4*q + 48 + 52 = 0. Let p = q + t. What is the tens digit of p?
2
Let t = 48 + -87. Let v = t - -70. Suppose -v*f + 755 = -26*f. What is the units digit of f?
1
Let r(x) = -72*x**2 + x + 8. Let c be r(3). Let b = -354 - c. What is the hundreds digit of b?
2
What is the hundreds digit of (-1 - -374)/(10 + (-2519)/253)?
5
Suppose -m = -2*m - 5*u - 626, -2*m - 5*u - 1247 = 0. Let n = m + 971. What is the units digit of n?
0
Let u be ((-10)/6)/((-18980)/(-2712) + -7). Let k = u - 626. What is the hundreds digit of k?
5
Suppose -z + 147 = k, z - 6*z + 5*k = -685. What is the tens digit of z?
4
Let x(b) = 124*b**2 + 14*b + 125. What is the units digit of x(-15)?
5
Let l(k) = 4248*k**2 + 15*k + 13. What is the units digit of l(-1)?
6
Suppose -159*w - 761005 = -3264804 - 427525. What is the hundreds digit of w?
4
Let a = -16588 + 26606. What is the thousands digit of a?
0
Let u(a) = -23*a**3 - 2*a**2 - 57*a - 305. What is the thousands digit of u(-7)?
7
What is the ten thousands digit of 26922 + -30 + (2/(-5))/((-1)/5)?
2
Let d = 647 - 654. Let g(k) = k**3 + 11*k**2 + 2*k + 25. What is the tens digit of g(d)?
0
Suppose 9726 + 22746 = 10*n - 1648. What is the tens digit of n?
1
Suppose 0 = 3*d - 16 + 4. Suppose -g + 2*g = -2*h + 506, 5*g - d*h - 2488 = 0. What is the hundreds digit of g?
5
Suppose 5*f = 4*r + 874, 5*f = 9*f + r - 716. Suppose 13*o - 776 = -f. What is the tens digit of o?
4
Let i(x) = 5*x**2 - 66*x + 3081. What is the ten thousands digit of i(81)?
3
Let t(d) = d**3 + 2*d**2 - 9*d + 21. Let o = -91 - -97. What is the hundreds digit of t(o)?
2
What is the tens digit of (13 - 19) + (1677 - 3)?
6
Suppose 0 = 2*z - j + 5*j - 280, -5*j + 423 = 3*z. Suppose -f = -z + 19. What is the hundreds digit of f?
1
Let p = -27 - -105. Let c be 658*(-1)/(-3) - 26/p. Suppose 3*z - 1050 = -5*y - z, c = y - z. What is the units digit of y?
4
What is the units digit of (17 + 504/(-24))/(4/(-8686))?
6
Let d(o) = 111*o**3 + 1. Let s be d(1). Let w be 5/15 - s/12. What is the tens digit of -4 + (-347)/(-3) + 6/w?
1
Let p be 1 + (-9)/((-9)/(-2)). Let v = -60 - -33. What is the units digit of (p - (-35)/(-15))*v?
0
Suppose 0 = 3*i - 8*i + 2*l + 172, -5*l = 5*i - 200. Suppose 1376 = 41*u - i*u + 4*v, -3*v = 2*u - 556. What is the tens digit of u?
7
Let x(f) = 2*f - 36. Let q be x(19). Let j(u) = 2 + 2*u**2 - 5*u - 2*u**2 + u**q + u**2. What is the units digit of j(7)?
5
Let o(w) = -43*w + 4. Let q be o(-4). Let k(l) = -2*l + 70. Let s be k(33). Suppose -328 = -2*v + s*n, v - 4*n - q = -6*n. What is the units digit of v?
0
Let n = 14096 + 53109. What is the hundreds digit of n?
2
Suppose -w + 18 = w. Let p(g) be the third derivative of g**6/120 - 7*g**5/60 - g**4/6 + g**2 - 5. What is the hundreds digit of p(w)?
1
Suppose -3*i + 11349 = 5*h + 1584, 6535 = 2*i - 5*h. What is the thousands digit of i?
3
Suppose -5*l = s - 29129, -5*l + 97798 = 5*s - 48007. What is the hundreds digit of s?
1
Let m(w) = 3*w**2 + 4*w + 1. Let n be m(-2). Suppose 2*a = -3*x + 309, 139 + 266 = 4*x + n*a. Suppose -x - 463 = -8*v. What is the units digit of v?
1
Suppose 0 = -j + m, -7 - 9 = -3*j - 5*m. Suppose j*v - 2 = -14. What is the tens digit of v - -3 - -95 - 0?
9
Let b = -10910 - -26714. What is the tens digit of b?
0
Suppose -305*x + 6600 = -297*x. What is the tens digit of x?
2
Suppose 3*a + v + 160 = 7*a, 0 = 5*a - 3*v - 193. Suppose a*n = 2309 + 4292. What is the units digit of n?
1
Let c(w) = w**2 + 17*w + 3. Let y be c(-17). Suppose 3*u = -3*z + 681, -y*z - 3*u = -2*u - 679. What is the units digit of z?
6
Suppose l = -2*l + 36. Let u(b) = b**3 + 2*b**2 - b - 2. Let k be u(-2). Suppose k = -f + 4*h + 3 + 3, 2*f - l = 4*h. What is the units digit of f?
6
Let w be 5502/1 + (1 + 2 - 3). What is the hundreds digit of (w/35)/(5/50)?
5
Let x(z) = 132*z**3 + 5*z**2 - 17*z + 37. What is the units digit of x(3)?
5
Suppose -p + 8833 = 2*q + q, 0 = -p + 2*q + 8843. What is the units digit of p?
9
Let m(g) = 24*g - 92. Let u be m(-6). Let s = 378 + u. What is the tens digit of s?
4
What is the units digit of 81/(-45) - 1/((-30)/176844)?
3
Let f be 7/(-14)*(-4 + 6/(-3)). Let x = 5 - f. Suppose x*q =